 Calculate the greatest common divisor of 7 and l.
7
Let m = -9 + 18. Let f be -309*(-2)/(-10) - (-4)/(-20). Let v = f + 71. What is the greatest common factor of v and m?
9
Let a(w) = -150*w + 673. Let u be a(4). Calculate the highest common factor of 3577 and u.
73
Let u(j) = 1924*j - 658. Let x be u(2). Calculate the greatest common factor of x and 165.
55
Let m = 8596 + -4591. What is the highest common divisor of 45 and m?
45
Suppose -4*j = 5*j - 360. Let u = -756 + 1276. What is the greatest common divisor of j and u?
40
Let b be (-85)/(-68) - (-470)/16*2. Suppose 3*w + f - 270 = 0, -2*w - 2*w + 367 = -f. Let t = w - b. What is the greatest common divisor of t and 62?
31
Let y(f) be the first derivative of f**4/4 - f**3 - 19*f**2/2 + 19*f - 31. Let x be y(8). Calculate the highest common factor of x and 22.
11
Suppose 57*k - 55*k - 350 = 0. Calculate the greatest common divisor of 425 and k.
25
Let j be 197/6 - 5*5/(-150). Suppose j*k - 12*k - 273 = 0. Calculate the highest common divisor of 13 and k.
13
Suppose 5*d - 12619 = -2*r, -4*r - 30*d = -34*d - 25196. Calculate the highest common divisor of 1096 and r.
274
Let u = -7997 + 8077. Suppose 4*f + 5*p = 0, 2*f + 3*p = -3*f + 13. What is the greatest common divisor of f and u?
5
Let u = 159 - 88. Suppose 2*q - w - u = 0, 82 = 3*q - w - 25. Calculate the highest common divisor of 81 and q.
9
Let i(g) = 9*g**2 - 2*g + 5. Let v be i(-6). Suppose 3*f = 206 + 631. Suppose 12*z - f = 3*z. Calculate the greatest common divisor of v and z.
31
Let l(c) = -2*c**3 - 3*c**2 + 2*c + 2. Let m be l(-3). Let k = -174 + 385. Let h = -96 + k. What is the highest common divisor of h and m?
23
Let m(o) = -5410*o - 13090. Let f be m(-11). Calculate the greatest common divisor of f and 10.
10
Let j(o) = -88*o - 4. Let i be j(-7). Let f = -23679 + 23747. What is the highest common divisor of i and f?
68
Let x be 3/(-1 + (-4)/(-3)). Let d be 91 - (-7)/((-21)/x). Let k = 75 - 64. Calculate the greatest common divisor of d and k.
11
Suppose 0 = 3*i + 5*f - 9714, 29*i - 27*i = 6*f + 6532. What is the greatest common factor of 224 and i?
112
Let c(x) = -x + 7. Let g be c(6). Suppose -4*m + 41 = -5*b, m + 2*b + 5 + g = 0. Let r = 41229 - 41225. What is the highest common factor of m and r?
4
Suppose 90*w - 10641 - 25858 = 19751. What is the greatest common factor of w and 1375?
125
Suppose -13328 + 14428 = 10*i. Let s(t) = 2*t + 10. Let q be s(0). Calculate the greatest common divisor of q and i.
10
Suppose 115*b - 111*b = -4*g + 92, 3*b - g = 69. Suppose -38*n + b*n = -300. Calculate the highest common divisor of 20 and n.
20
Let o = 5357 + -5349. Calculate the greatest common divisor of o and 2764.
4
Suppose -n + 10 = 6. Let f(m) = -4 - n*m - 2*m + 9 - 5*m**2 - m**3. Let l be f(-4). Calculate the highest common divisor of 52 and l.
13
Suppose 5*l + 60 = 7*m - 3*m, -26 = -3*m - l. Suppose 0 = -5*v + y + 617, -y + 9 = 2*y. Let p = v - m. What is the highest common factor of 19 and p?
19
Suppose -3*u = -2*g - 243, u - 67 = 24*g - 28*g. What is the highest common factor of 1975 and u?
79
Let o(p) = 2*p**2 + p + 2. Let i be o(5). Let k(n) = 2*n - 33. Let l be k(22). Suppose -l*u - 3*u + 798 = 0. What is the greatest common factor of i and u?
57
Suppose 4*i - 7060 = -4*h, 0 = -9*i + 10*i + 3. Calculate the greatest common factor of h and 952.
136
Let p(t) = -t**3 + 6*t**2 + 12*t + 16. Let u be p(-2). Calculate the greatest common divisor of u and 1884.
12
Let u(f) = 2*f**2 + 18*f + 28. Let z be u(-7). Suppose z = -19*y + 146 + 2362. Calculate the greatest common divisor of 12 and y.
12
Let l = -110 + 294. Let w be ((3/1)/(-3))/((-1)/96). Let v = l - w. Calculate the greatest common divisor of 11 and v.
11
Suppose -5*u + 30*g = 29*g - 1437, u = -3*g + 297. Let r = 1 - -17. What is the greatest common factor of r and u?
18
Let l be 4/(-2)*34/4. Let u(r) = -8*r - 139. Let w be u(-22). Let a = l + w. Calculate the greatest common factor of 160 and a.
20
Let y(n) = 53 + 11*n - 51*n**2 - 15 + 52*n**2. Let o be y(-9). Let j(m) = 39*m + 4. Let a be j(4). Calculate the highest common divisor of a and o.
20
Let t = 7236 + -7215. Calculate the highest common divisor of t and 228.
3
Let u be (-1664)/(-6) + 36/54 + -2. Let k = u - 196. What is the highest common factor of k and 5?
5
Suppose -3*s = -l + 43, -600*l + s + 41 = -599*l. Let v be 6/9 + (-88)/(-3). Calculate the highest common factor of l and v.
10
Let u = 104 + -108. Let o(r) = 39*r + 164. Let t be o(u). What is the greatest common divisor of 184 and t?
8
Let j be 378/2 - (-40)/40. Calculate the greatest common factor of j and 551.
19
Suppose 11980619 = 154*k + 3331055. What is the highest common divisor of 253 and k?
253
Suppose -15*g = -2*g - 78. Let l(z) = -z**2 + 3*z + 18. Let n be l(g). Let p be (43 + -1)*2/4 + n. What is the greatest common factor of p and 210?
21
Suppose 710*s + 4455 = 765*s. Calculate the greatest common divisor of 225 and s.
9
Suppose 0 = 368*p - 362*p. Suppose -4*d - 3*c - c = -528, -4*c = p. What is the highest common divisor of d and 330?
66
Let d(z) = 2*z**3 - 30*z**2 - 12*z + 73. Let n be d(17). What is the highest common divisor of 5535 and n?
205
Suppose 3*k + 112 - 100 = 0, -5*k - 708 = -4*w. What is the highest common factor of w and 8858?
86
Suppose -4*q + 2*q + 2538 = 2*b, -3*b = q - 1279. Calculate the highest common factor of 32 and q.
16
Suppose f - 124 - 6 = 0. Suppose 318 = 11*h - 144. Suppose -5*w - 4*c = -h, -5*w = c - 42 - 6. Calculate the greatest common divisor of f and w.
10
Suppose -3*l + 20 = 65. Suppose -5*t - 226 + 11 = 0. Let p = l - t. What is the highest common factor of 70 and p?
14
Let w = 17358 + -16721. What is the highest common divisor of 65 and w?
13
Let b(n) = 277*n + 561. Let f be b(-2). What is the greatest common divisor of f and 203?
7
Let c = 236 + -88. Suppose -535 = -5*o + 4*g, 122 + 80 = 2*o - 4*g. What is the greatest common divisor of o and c?
37
Suppose 0 = 9*w - 3630 + 3594. Suppose 5 = 5*d + 195. Let b be 15/(-10) - 1*d/w. What is the highest common divisor of b and 2?
2
Let x = 164 + -109. Suppose -9*r = -x - 440. Calculate the highest common divisor of r and 5.
5
Suppose 1164*k - 1178*k + 70 = 0. Let o be 4/(-6) + 1182/18. Calculate the highest common divisor of o and k.
5
Suppose -5*x + 1109 = 209. Suppose 19*t = -70*t + 987 + 615. Calculate the greatest common factor of t and x.
18
Let b = 4 - -10. Suppose -5*d - 2359 = -2*d + h, -4*d + h = 3143. Let z be 4/b + d/(-42). What is the greatest common factor of 19 and z?
19
Suppose 0 = -t - 39 + 49. Let v be (-15)/20 + (-15)/12*-3. Suppose 6*m - v*m - 123 = -3*y, m - 121 = -3*y. Calculate the greatest common factor of t and y.
10
Suppose 7*z = -2038 + 3659 + 3020. What is the greatest common divisor of z and 68?
17
Let p = 598 + -453. What is the greatest common factor of p and 10?
5
Let f be (-30)/(((-4)/13)/2). Suppose 7*a + 759 = -158. Let c = a + f. What is the highest common divisor of 16 and c?
16
Let t = 435 - 430. Let b be 3/(((-1)/(-15)*t)/1). What is the greatest common factor of 24 and b?
3
Let x = -127 - -135. Let t(k) = -k**2 - 9*k - 10. Let m be t(-6). What is the highest common divisor of x and m?
8
Suppose -3*j + 4*y = 175, 0 = -4*j - 0*y + 3*y - 245. Let q = 119 - 26. Let w = j + q. What is the greatest common factor of w and 14?
14
Let k = 2596 - 2386. Let w = 100 + -30. What is the greatest common factor of k and w?
70
Let n = -7212 + 14487. What is the highest common factor of n and 15?
15
Let p(n) = -n**3 + 3*n**2 + 6*n - 2. Let o(h) = 5*h - 49. Let r be o(9). Let j be p(r). Calculate the greatest common divisor of j and 2.
2
Suppose 4*n = 2*n + 92. Let j be 119 + 238/17 + 5. Calculate the highest common factor of n and j.
46
Let c = 306 - -254. Let y(o) = o**3 + 6*o**2 - 20*o - 24. Let x be y(-8). Suppose -15*a + c = -x*a. Calculate the highest common factor of 20 and a.
20
Let t(c) = 8 - 4 + 30*c**2 + 11 - 28*c**2 + 11*c. Let h be t(-6). Calculate the greatest common factor of 7 and h.
7
Suppose 0 = 4*k - k - 18. Suppose 4*g - k = 58. Let a(f) = -f**2 + 28*f - 88. Let t be a(24). Calculate the highest common divisor of g and t.
8
Let b(z) = 2*z**3 - 25*z**2 - 14*z + 33. Let p be b(14). Calculate the greatest common fa